digit of 1998346090?
8
What is the hundred thousands digit of 67061076?
0
What is the hundred millions digit of 5258775467?
2
What is the ten millions digit of 1683322410?
8
What is the millions digit of 6761958476?
1
What is the millions digit of 483471643?
3
What is the hundred thousands digit of 989214923?
2
What is the ten millions digit of 37771348?
3
What is the hundred thousands digit of 682520052?
5
What is the thousands digit of 1322241473?
1
What is the hundred millions digit of 1745671225?
7
What is the millions digit of 827462236?
7
What is the ten millions digit of 34646680?
3
What is the tens digit of 501343407?
0
What is the hundred millions digit of 885029479?
8
What is the thousands digit of 66494904?
4
What is the ten thousands digit of 649812527?
1
What is the hundred millions digit of 120702240?
1
What is the hundred thousands digit of 223202777?
2
What is the hundreds digit of 161304463?
4
What is the hundred millions digit of 3241384537?
2
What is the millions digit of 9719557?
9
What is the ten thousands digit of 134305806?
0
What is the billions digit of 4443626299?
4
What is the hundreds digit of 435704181?
1
What is the units digit of 73703037?
7
What is the ten thousands digit of 2226903438?
0
What is the hundred millions digit of 629778995?
6
What is the hundreds digit of 371826070?
0
What is the thousands digit of 46202750?
2
What is the tens digit of 1485132740?
4
What is the units digit of 2849297172?
2
What is the ten millions digit of 2747002354?
4
What is the thousands digit of 160516636?
6
What is the ten millions digit of 82204715?
8
What is the hundred thousands digit of 2223239460?
2
What is the hundreds digit of 105125628?
6
What is the millions digit of 52390391?
2
What is the millions digit of 7068710151?
8
What is the hundreds digit of 45355945?
9
What is the hundreds digit of 51840176?
1
What is the ten millions digit of 231047882?
3
What is the ten millions digit of 225028184?
2
What is the units digit of 92342509?
9
What is the tens digit of 885432309?
0
What is the hundred millions digit of 166382559?
1
What is the millions digit of 1152016013?
2
What is the billions digit of 1229239217?
1
What is the hundreds digit of 64209988?
9
What is the units digit of 768481647?
7
What is the hundred thousands digit of 1826615?
8
What is the ten millions digit of 1914823863?
1
What is the hundred millions digit of 202338277?
2
What is the tens digit of 403606817?
1
What is the hundred thousands digit of 100287852?
2
What is the ten thousands digit of 502369749?
6
What is the millions digit of 120768986?
0
What is the hundred thousands digit of 1334689162?
6
What is the millions digit of 461120881?
1
What is the thousands digit of 45971879?
1
What is the thousands digit of 2956442763?
2
What is the tens digit of 169878845?
4
What is the ten thousands digit of 3351989?
5
What is the millions digit of 143764597?
3
What is the hundreds digit of 308648658?
6
What is the millions digit of 1734142976?
4
What is the units digit of 782475926?
6
What is the ten millions digit of 193790306?
9
What is the hundred thousands digit of 12485962?
4
What is the thousands digit of 39930322?
0
What is the hundred thousands digit of 566137942?
1
What is the hundred thousands digit of 68869832?
8
What is the ten millions digit of 137236421?
3
What is the millions digit of 1403240763?
3
What is the ten thousands digit of 1682335739?
3
What is the hundred thousands digit of 40164816?
1
What is the units digit of 63211200?
0
What is the hundred thousands digit of 1019817569?
8
What is the millions digit of 73979961?
3
What is the thousands digit of 380797024?
7
What is the hundred thousands digit of 454280297?
2
What is the thousands digit of 963312397?
2
What is the hundred thousands digit of 1153551211?
5
What is the millions digit of 3458722903?
8
What is the hundred thousands digit of 409074465?
0
What is the hundred millions digit of 2333504587?
3
What is the ten thousands digit of 2537723142?
2
What is the tens digit of 130783281?
8
What is the units digit of 243419039?
9
What is the millions digit of 2755307949?
5
What is the ten thousands digit of 63412546?
1
What is the hundred thousands digit of 2309737680?
7
What is the thousands digit of 734624850?
4
What is the tens digit of 4117324?
2
What is the ten thousands digit of 874064982?
6
What is the hundreds digit of 1291748933?
9
What is the thousands digit of 53257409?
7
What is the tens digit of 4191776110?
1
What is the units digit of 55982687?
7
What is the thousands digit of 14526417?
6
What is the hundred thousands digit of 74986249?
9
What is the units digit of 367773837?
7
What is the ten thousands digit of 3419972901?
7
What is the hundred thousands digit of 245710968?
7
What is the millions digit of 1821709557?
1
What is the hundred thousands digit of 75771693?
7
What is the tens digit of 2504208909?
0
What is the tens digit of 126847639?
3
What is the ten thousands digit of 124224047?
2
What is the units digit of 53816052?
2
What is the ten millions digit of 76651291?
7
What is the millions digit of 238250932?
8
What is the ten thousands digit of 1173294989?
9
What is the ten millions digit of 311163074?
1
What is the ten thousands digit of 83930027?
3
What is the billions digit of 2746044396?
2
What is the millions digit of 77264050?
7
What is the millions digit of 195989342?
5
What is the tens digit of 62497686?
8
What is the hundred thousands digit of 2325841611?
8
What is the hundred thousands digit of 107450860?
4
What is the ten thousands digit of 35948132?
4
What is the ten thousands digit of 700921150?
2
What is the units digit of 4840544?
4
What is the ten thousands digit of 3617094581?
9
What is the tens digit of 40122293?
9
What is the tens digit of 115891210?
1
What is the tens digit of 394247616?
1
What is the tens digit of 25779423?
2
What is the hundreds digit of 5700020?
0
What is the hundred millions digit of 1326332796?
3
What is the thousands digit of 35470999?
0
What is the ten thousands digit of 7766649?
6
What is the ten millions digit of 241695323?
4
What is the millions digit of 568171717?
8
What is the ten millions digit of 79658870?
7
What is the units digit of 430398897?
7
What is the ten millions digit of 19024495?
1
What is the hundred thousands digit of 347600476?
6
What is the ten thousands digit of 659956211?
5
What is the thousands digit of 45221985?
1
What is the units digit of 619638953?
3
What is the units digit of 672109871?
1
What is the tens digit of 10609051?
5
What is the hundreds digit of 43693082?
0
What is the thousands digit of 479124233?
4
What is the hundreds digit of 2319253301?
3
What is the hundred thousands digit of 77607171?
6
What is the units digit of 3257138772?
2
What is the ten thousands digit of 607246868?
4
What is the tens digit of 28384628?
2
What is the thousands digit of 2586978222?
8
What is the thousands digit of 289519884?
9
What is the hundred millions digit of 699278399?
6
What is the hundred thousands digit of 25664559?
6
What is the ten millions digit of 21894916?
2
What is the units digit of 628546354?
4
What is the ten millions digit of 2448015058?
4
What is the ten thousands digit of 164641497?
4
What is the hundred thousands digit of 2672467119?
4
What is the ten millions digit of 253032045?
5
What is the billions digit of 9035845723?
9
What is the millions digit of 303181356?
3
What is the thousands digit of 69322805?
2
What is the hundred thousands digit of 35509279?
5
What is the millions digit of 1604164447?
4
What is the tens digit of 40169251?
5
What is the tens digit of 14644338?
3
What is the ten thousands digit of 254475771?
7
What is the thousands digit of 89722326?
2
What is the tens digit of 1957865108?
0
What is the hundred millions digit of 953787871?
9
What is the millions digit of 177719875?
7
What is the hundreds digit of 6205705?
7
What is the hundred thousands digit of 50536216?
5
What is the hundred thousands digit of 62808471?
8
What is the hundreds digit of 619930546?
5
What is the thousands digit of 47388136?
8
What is the millions digit of 231710140?
1
What is the hundred thousands digit of 885569543?
5
What is the ten thousands digit of 1600204245?
0
What is the